{"id":4,"date":"2018-02-25T20:19:00","date_gmt":"2018-02-25T20:19:00","guid":{"rendered":"http:\/\/www.frejatravel.com\/?page_id=4"},"modified":"2018-04-17T21:09:37","modified_gmt":"2018-04-17T21:09:37","slug":"home","status":"publish","type":"page","link":"https:\/\/www.frejatravel.com\/nb\/","title":{"rendered":"Home"},"content":{"rendered":"<p><\/p>\n<h1><span style=\"font-family: 'book antiqua', palatino, serif; color: #000000; font-size: 24pt;\"><strong>Velkommen til Freja Travel!<\/strong><\/span><\/h1>\n<p><span style=\"font-size: 14pt; font-family: 'book antiqua', palatino, serif; color: #000000;\"><img loading=\"lazy\" class=\"alignleft wp-image-139\" src=\"https:\/\/www.frejatravel.com\/wp-content\/uploads\/2018\/03\/freja_travel_team-300x300.jpg\" alt=\"Freja travel Makarska\" width=\"232\" height=\"232\" srcset=\"https:\/\/www.frejatravel.com\/wp-content\/uploads\/2018\/03\/freja_travel_team-300x300.jpg 300w, https:\/\/www.frejatravel.com\/wp-content\/uploads\/2018\/03\/freja_travel_team-150x150.jpg 150w, https:\/\/www.frejatravel.com\/wp-content\/uploads\/2018\/03\/freja_travel_team-500x500.jpg 500w, https:\/\/www.frejatravel.com\/wp-content\/uploads\/2018\/03\/freja_travel_team-45x45.jpg 45w, https:\/\/www.frejatravel.com\/wp-content\/uploads\/2018\/03\/freja_travel_team.jpg 524w\" sizes=\"(max-width: 232px) 100vw, 232px\" \/><\/span><\/p>\n<p><span style=\"font-size: 14pt; font-family: 'book antiqua', palatino, serif; color: #000000;\">Freja Travel har flere \u00e5rs erfaring innenfor turisme og vi hjelper gjerne til med \u00e5 organisere resiene dine og arrangemang i Kroatia.\u00a0 Hos oss f\u00e5r dere alltid en personlig behandling og programforslag, vi bygger upp turene etter behovene og \u00f8nskem\u00e5lene deres. Vi vil gi deg en unik opplevelse. \u00a0Noe som du kommer til \u00e5 minnes. Noe l\u00e6rerikt.\u00a0 Vi ville dele med dere en bit av v\u00e5r Kroatia. I Kroatia er vi hjemme, vi snakker utmerket skandinavisk, det vil si svensk og norsk, og kroatiskog engelsk flytende. Vi er alle utdannet lokalguider p\u00e5 svensk og norsk. Vi har lisensen for \u00e5 kunne guide p\u00e5 ulike lokaliteter i Kroatia \u2013 Dubrovnik, Splits og \u0160ibenik fylke.<\/span><\/p>\n<p><span style=\"font-size: 14pt; font-family: 'book antiqua', palatino, serif; color: #000000;\">Som en lokal agent, tilbyr vi tjenester hvor vi hjelper deg med \u00e5 arrangere forskjellige gruppereiser, konferanser og events\u00a0 p\u00e5 plass i Kroatia. Med v\u00e5re spr\u00e5kkunnskaper og lokal kunnnskap kan vi l\u00f8se alle behov p\u00e5 destinasjonen:<\/span><\/p>\n<p>&nbsp;<\/p>\n<ul>\n<li><span style=\"font-size: 14pt; font-family: 'book antiqua', palatino, serif; color: #000000;\">Transfer til flyet, hotell, havnen m.m. \u00a0 \u00a0 \u00a0 \u00a0 \u00a0 \u00a0 \u00a0 \u00a0 \u00a0 \u00a0 \u00a0 \u00a0 \u00a0 \u00a0 \u00a0\u00a0<\/span><\/li>\n<li><span style=\"font-size: 14pt; font-family: 'book antiqua', palatino, serif; color: #000000;\">Bolig p\u00e5 hotell eller i leilighet\u00a0\u00a0\u00a0\u00a0\u00a0\u00a0\u00a0\u00a0\u00a0\u00a0\u00a0\u00a0\u00a0\u00a0\u00a0\u00a0\u00a0\u00a0\u00a0\u00a0\u00a0\u00a0\u00a0\u00a0\u00a0\u00a0\u00a0\u00a0\u00a0\u00a0\u00a0\u00a0\u00a0\u00a0\u00a0\u00a0\u00a0\u00a0\u00a0\u00a0\u00a0\u00a0\u00a0\u00a0\u00a0\u00a0\u00a0\u00a0\u00a0\u00a0\u00a0\u00a0\u00a0<\/span><\/li>\n<li><span style=\"font-size: 14pt; font-family: 'book antiqua', palatino, serif; color: #000000;\">Konferans med alle arrangemang \u00a0\u00a0\u00a0\u00a0\u00a0\u00a0\u00a0\u00a0\u00a0\u00a0\u00a0\u00a0\u00a0\u00a0\u00a0\u00a0\u00a0\u00a0\u00a0\u00a0\u00a0\u00a0\u00a0\u00a0\u00a0\u00a0\u00a0\u00a0\u00a0\u00a0\u00a0\u00a0\u00a0\u00a0\u00a0\u00a0\u00a0\u00a0\u00a0<\/span><\/li>\n<li><span style=\"font-size: 14pt; font-family: 'book antiqua', palatino, serif; color: #000000;\">Lokale representanter og guider p\u00e5 svensk, norsk og engelsk.\u00a0\u00a0\u00a0\u00a0\u00a0\u00a0\u00a0\u00a0\u00a0\u00a0<\/span><\/li>\n<li><span style=\"font-size: 14pt; font-family: 'book antiqua', palatino, serif; color: #000000;\">Halvdags, heldags eller flerdags <a style=\"color: #000000;\" href=\"https:\/\/www.frejatravel.com\/utflykter\/\">utflukter<\/a>, temautflukter og eksklusive utflukter for lukkede grupper<\/span><\/li>\n<li><span style=\"font-size: 14pt; font-family: 'book antiqua', palatino, serif; color: #000000;\">Bryllup, f\u00f8dselsdager og events<\/span><\/li>\n<li><span style=\"font-size: 14pt; font-family: 'book antiqua', palatino, serif; color: #000000;\">B\u00e5tutflukter for store grupper eller mindre private turer. \u00a0 \u00a0 \u00a0 \u00a0<\/span><\/li>\n<li><span style=\"font-size: 14pt; font-family: 'book antiqua', palatino, serif; color: #000000;\">Temareiser f.eks kor reiser, matreiser, vinreiser, botaniske turer, treningsreiser, historiske turer, rundreiser i Kroatia\u2026 \u00a0 vi lager ett unikt programm for gruppen deres.<\/span><\/li>\n<\/ul>\n<p><\/p>","protected":false},"excerpt":{"rendered":"<p>Velkommen til Freja Travel! Freja Travel har flere \u00e5rs erfaring innenfor turisme og vi hjelper gjerne til med \u00e5 organisere resiene dine og arrangemang i Kroatia.\u00a0 Hos oss f\u00e5r dere alltid en personlig behandling og programforslag, vi bygger upp turene etter behovene og \u00f8nskem\u00e5lene deres. Vi vil gi deg en unik opplevelse. \u00a0Noe som du <a class=\"read-more\" href=\"https:\/\/www.frejatravel.com\/nb\/\">READ MORE<\/a><\/p>\n","protected":false},"author":1,"featured_media":0,"parent":0,"menu_order":0,"comment_status":"closed","ping_status":"closed","template":"","meta":[],"yst_prominent_words":[177,197,180,199,176,76,70,193,200,202,196,194,178,198,191,192,195,190,77,201],"_links":{"self":[{"href":"https:\/\/www.frejatravel.com\/nb\/wp-json\/wp\/v2\/pages\/4"}],"collection":[{"href":"https:\/\/www.frejatravel.com\/nb\/wp-json\/wp\/v2\/pages"}],"about":[{"href":"https:\/\/www.frejatravel.com\/nb\/wp-json\/wp\/v2\/types\/page"}],"author":[{"embeddable":true,"href":"https:\/\/www.frejatravel.com\/nb\/wp-json\/wp\/v2\/users\/1"}],"replies":[{"embeddable":true,"href":"https:\/\/www.frejatravel.com\/nb\/wp-json\/wp\/v2\/comments?post=4"}],"version-history":[{"count":17,"href":"https:\/\/www.frejatravel.com\/nb\/wp-json\/wp\/v2\/pages\/4\/revisions"}],"predecessor-version":[{"id":578,"href":"https:\/\/www.frejatravel.com\/nb\/wp-json\/wp\/v2\/pages\/4\/revisions\/578"}],"wp:attachment":[{"href":"https:\/\/www.frejatravel.com\/nb\/wp-json\/wp\/v2\/media?parent=4"}],"wp:term":[{"taxonomy":"yst_prominent_words","embeddable":true,"href":"https:\/\/www.frejatravel.com\/nb\/wp-json\/wp\/v2\/yst_prominent_words?post=4"}],"curies":[{"name":"wp","href":"https:\/\/api.w.org\/{rel}","templated":true}]}}

<p></p>
<h1><span style="font-family: 'book antiqua', palatino, serif; color: #000000; font-size: 24pt;"><strong>Velkommen til Freja Travel!</strong></span></h1>
<p><span style="font-size: 14pt; font-family: 'book antiqua', palatino, serif; color: #000000;"><img loading="lazy" class="alignleft wp-image-139" src="https://www.frejatravel.com/wp-content/uploads/2018/03/freja_travel_team-300x300.jpg" alt="Freja travel Makarska" width="232" height="232" srcset="https://www.frejatravel.com/wp-content/uploads/2018/03/freja_travel_team-300x300.jpg 300w, https://www.frejatravel.com/wp-content/uploads/2018/03/freja_travel_team-150x150.jpg 150w, https://www.frejatravel.com/wp-content/uploads/2018/03/freja_travel_team-500x500.jpg 500w, https://www.frejatravel.com/wp-content/uploads/2018/03/freja_travel_team-45x45.jpg 45w, https://www.frejatravel.com/wp-content/uploads/2018/03/freja_travel_team.jpg 524w" sizes="(max-width: 232px) 100vw, 232px" /></span></p>
<p><span style="font-size: 14pt; font-family: 'book antiqua', palatino, serif; color: #000000;">Freja Travel har flere års erfaring innenfor turisme og vi hjelper gjerne til med å organisere resiene dine og arrangemang i Kroatia.  Hos oss får dere alltid en personlig behandling og programforslag, vi bygger upp turene etter behovene og ønskemålene deres. Vi vil gi deg en unik opplevelse.  Noe som du kommer til å minnes. Noe lærerikt.  Vi ville dele med dere en bit av vår Kroatia. I Kroatia er vi hjemme, vi snakker utmerket skandinavisk, det vil si svensk og norsk, og kroatiskog engelsk flytende. Vi er alle utdannet lokalguider på svensk og norsk. Vi har lisensen for å kunne guide på ulike lokaliteter i Kroatia – Dubrovnik, Splits og Šibenik fylke.</span></p>
<p><span style="font-size: 14pt; font-family: 'book antiqua', palatino, serif; color: #000000;">Som en lokal agent, tilbyr vi tjenester hvor vi hjelper deg med å arrangere forskjellige gruppereiser, konferanser og events  på plass i Kroatia. Med våre språkkunnskaper og lokal kunnnskap kan vi løse alle behov på destinasjonen:</span></p>
<p>&nbsp;</p>
<ul>
<li><span style="font-size: 14pt; font-family: 'book antiqua', palatino, serif; color: #000000;">Transfer til flyet, hotell, havnen m.m.                               </span></li>
<li><span style="font-size: 14pt; font-family: 'book antiqua', palatino, serif; color: #000000;">Bolig på hotell eller i leilighet                                                     </span></li>
<li><span style="font-size: 14pt; font-family: 'book antiqua', palatino, serif; color: #000000;">Konferans med alle arrangemang                                        </span></li>
<li><span style="font-size: 14pt; font-family: 'book antiqua', palatino, serif; color: #000000;">Lokale representanter og guider på svensk, norsk og engelsk.          </span></li>
<li><span style="font-size: 14pt; font-family: 'book antiqua', palatino, serif; color: #000000;">Halvdags, heldags eller flerdags <a style="color: #000000;" href="https://www.frejatravel.com/utflykter/">utflukter</a>, temautflukter og eksklusive utflukter for lukkede grupper</span></li>
<li><span style="font-size: 14pt; font-family: 'book antiqua', palatino, serif; color: #000000;">Bryllup, fødselsdager og events</span></li>
<li><span style="font-size: 14pt; font-family: 'book antiqua', palatino, serif; color: #000000;">Båtutflukter for store grupper eller mindre private turer.        </span></li>
<li><span style="font-size: 14pt; font-family: 'book antiqua', palatino, serif; color: #000000;">Temareiser f.eks kor reiser, matreiser, vinreiser, botaniske turer, treningsreiser, historiske turer, rundreiser i Kroatia…   vi lager ett unikt programm for gruppen deres.</span></li>
</ul>
<p></p>

<p>Velkommen til Freja Travel! Freja Travel har flere års erfaring innenfor turisme og vi hjelper gjerne til med å organisere resiene dine og arrangemang i Kroatia.  Hos oss får dere alltid en personlig behandling og programforslag, vi bygger upp turene etter behovene og ønskemålene deres. Vi vil gi deg en unik opplevelse.  Noe som du <a class="read-more" href="https://www.frejatravel.com/nb/">READ MORE</a></p>
